 composite?
False
Is 41752926367 composite?
False
Is 16529454047 prime?
False
Is 23553243551 a prime number?
True
Is 3248421493 prime?
True
Is 3098354209 composite?
False
Is 19125220757 prime?
False
Is 7527932277 composite?
True
Is 24382358151 a prime number?
False
Is 22004419 composite?
False
Is 1183770199883 composite?
False
Is 8388218539 composite?
False
Is 7978891933 a composite number?
True
Is 2365195537 composite?
True
Is 847172507 composite?
True
Is 1642956577 a prime number?
True
Is 39720829 a composite number?
False
Is 315803461 composite?
False
Is 15124839541 composite?
True
Is 4547482679 a composite number?
True
Is 774824593 prime?
False
Is 8147402223 a prime number?
False
Is 14388037 composite?
False
Is 9560253957 a composite number?
True
Is 69412454453 a prime number?
False
Is 877764731 prime?
True
Is 13663289041 a prime number?
True
Is 1194172439 a prime number?
False
Is 61690315823 prime?
True
Is 6104116933 prime?
True
Is 11408337529 prime?
True
Is 1032481805 prime?
False
Is 14587599701 a prime number?
False
Is 18561272267 a prime number?
False
Is 36277194487 a composite number?
False
Is 72023798117 prime?
True
Is 1255869499 a composite number?
False
Is 16894807 a composite number?
True
Is 7336198799 a composite number?
True
Is 501576811 prime?
False
Is 9352103689 a prime number?
False
Is 98380229 composite?
False
Is 1680166519 composite?
False
Is 972014047 composite?
False
Is 4797436717 prime?
True
Is 134877667 composite?
False
Is 2491904167 a composite number?
True
Is 6143594231 a composite number?
True
Is 87253879 a prime number?
False
Is 53115281 composite?
True
Is 14208615371 a prime number?
False
Is 15925877333 prime?
True
Is 63409153 a composite number?
False
Is 707708077 prime?
True
Is 3055769513 prime?
False
Is 406282806719 prime?
True
Is 12488667095 a composite number?
True
Is 3170367262 composite?
True
Is 5164268903 a prime number?
False
Is 2165727991 composite?
True
Is 3550436191 prime?
True
Is 6287944609 a composite number?
False
Is 121698893 a prime number?
False
Is 682099703 composite?
False
Is 2256804559 composite?
False
Is 1966341011 prime?
True
Is 30589019051 a composite number?
False
Is 785312029 a prime number?
True
Is 79858613701 a composite number?
True
Is 7549566743 prime?
True
Is 12542623 a prime number?
False
Is 5122430569 a composite number?
False
Is 1052563871 a composite number?
True
Is 1194891239 a composite number?
True
Is 9708417071 composite?
False
Is 2935743289 a composite number?
True
Is 73878919 a prime number?
True
Is 9026058137 a composite number?
True
Is 3161027279 a composite number?
False
Is 37351331 composite?
True
Is 4464131767 a composite number?
False
Is 5852529383 composite?
False
Is 422645003 a prime number?
False
Is 155755780723 composite?
False
Is 206273798183 composite?
True
Is 441009197 a prime number?
False
Is 180436273519 a prime number?
True
Is 681665503 a composite number?
True
Is 49234484569 a composite number?
True
Is 2375734687 prime?
True
Is 1585942187 a composite number?
False
Is 12713170759 composite?
False
Is 8096710081 prime?
True
Is 7578599731 prime?
True
Is 3807332261 composite?
False
Is 37809233257 a prime number?
False
Is 2394116059 a composite number?
True
Is 13181952499 composite?
True
Is 5609980231 prime?
True
Is 869965049 prime?
True
Is 25115164939 a prime number?
False
Is 21189307 a prime number?
True
Is 8366872759 composite?
True
Is 1892237869 a composite number?
False
Is 2120879543 composite?
True
Is 5722068581 composite?
False
Is 12484862099 composite?
True
Is 27950106361 a composite number?
True
Is 18925190962 a composite number?
True
Is 823470311 composite?
True
Is 28393483109 a composite number?
False
Is 7892380633 a prime number?
False
Is 1924020761 prime?
False
Is 1660816117 a prime number?
True
Is 4315834759 a composite number?
True
Is 6369384337 a composite number?
True
Is 568536553 composite?
True
Is 653531271 a prime number?
False
Is 2975219629 composite?
True
Is 41180378567 prime?
False
Is 274382077 prime?
True
Is 155108418263 a prime number?
False
Is 9902635967 composite?
True
Is 2031869969 composite?
False
Is 19817310021 a prime number?
False
Is 53019239513 a prime number?
True
Is 173634349565 composite?
True
Is 1861163729 composite?
False
Is 19141298029 prime?
False
Is 1408801571 prime?
True
Is 21991101697 composite?
False
Is 3707055353 a composite number?
True
Is 157726183 a composite number?
True
Is 404881177 a composite number?
True
Is 41522231743 composite?
False
Is 3006928921 a composite number?
False
Is 106016147 a composite number?
False
Is 1968091 prime?
False
Is 412082843 prime?
True
Is 12988799693 composite?
False
Is 557373799 a composite number?
True
Is 3371493563 a composite number?
True
Is 32960674259 a composite number?
False
Is 50883443159 prime?
True
Is 3288569213 composite?
True
Is 31950608341 composite?
False
Is 5803201 a prime number?
True
Is 142262378 a composite number?
True
Is 2634485599 composite?
True
Is 10479192859 prime?
False
Is 13405237501 composite?
True
Is 8601026459 a composite number?
False
Is 274336817 a prime number?
True
Is 24874559 prime?
True
Is 24177441707 composite?
False
Is 6747094477 a composite number?
False
Is 195601871033 prime?
True
Is 42278361469 a composite number?
False
Is 10050969899 prime?
True
Is 58496729569 a composite number?
True
Is 3513164719 prime?
False
Is 32978636879 prime?
False
Is 1116058441 a prime number?
True
Is 23912713579 a prime number?
True
Is 23624538341 a prime number?
True
Is 4586561347 a prime number?
True
Is 72833363 composite?
True
Is 1918860383 prime?
False
Is 1396770181 a composite number?
True
Is 25364370671 composite?
True
Is 36857364959 a composite number?
True
Is 417173179 a composite number?
False
Is 296325847 a composite number?
True
Is 2373009211 a composite number?
False
Is 3919536013 composite?
False
Is 323531477 composite?
False
Is 6991627681 a composite number?
False
Is 5475654439 a composite number?
True
Is 168663503123 a prime number?
True
Is 3731709365 a prime number?
False
Is 55313123647 a composite number?
False
Is 1022388293 composite?
False
Is 90274045427 composite?
True
Is 6814757639 a composite number?
False
Is 5273816537 prime?
False
Is 656752409 composite?
False
Is 71319937243 prime?
False
Is 32494879481 composite?
True
Is 68836101226 a prime number?
False
Is 797434493 a prime number?
True
Is 5072761501 a prime number?
False
Is 203819691227 composite?
False
Is 6582283679 a composite number?
False
Is 1140288007 a prime number?
True
Is 2927508823 prime?
False
Is 53036717261 prime?
False
Is 212150641 prime?
True
Is 2778757703 a composite number?
False
Is 2699589791 a prime number?
False
Is 36735961819 a prime number?
True
Is 24876587279 a composite number?
True
Is 170206728877 prime?
True
Is 5525956451 a prime number?
True
Is 146991081751 a composite number?
True
Is 4160973203 prime?
True
Is 151325189 a prime number?
False
Is 32502792653 prime?
True
Is 14094490945 prime?
False
Is 84517789 a prime number?
True
Is 2924651677 prime?
False
Is 623079845 composite?
True
Is 19821488101 prime?
True
Is 73577617 composite?
False
Is 3997623893 a composite number?
True
Is 177826483 composite?
False
Is 3995038843 prime?
False
Is 832245781 composite?
False
Is 376482401 prime?
False
Is 20037467119 prime?
False
Is 12706182851 prime?
True
Is 741869179 a prime number?
True
Is 3159255553 a composite number?
False
Is 37550496041 prime?
True
Is 2196814649 a prime number?
False
Is 117876261 composite?
True
Is 39654804913 a prime number?
True
Is 249553231 a composite number?
False
Is 63236052959 composite?
True
Is 4953021971 a prime number?
False
Is 19280962865 prime?
False
Is 2365597427 a composite number?
False
Is 292880201 a composite number?
False
Is 768347497 prime?
True
Is 37392073027 composite?
True
Is 59941904999 a composite number?
True
Is 246569317 a composite number?
True
Is 5393382913 composite?
False
Is 44132813273 a prime number?
True
Is 6781845209 prime?
False
Is 4763740139 a prime number?
True
Is 3043452479 prime?
True
Is 18930498823 prime?
False
Is 17907015211 a prime number?
False
Is 2251264529 composite?
False
Is 5214557459 composite?
True
Is 24565966441 composite?
False
Is 2866701611 a composite number?
False
Is 22458910933 a prime number?
True
Is 1